s the remainder when o is divided by r?
3
Suppose -2*q = -3*w + 50, -5*w + 3*q - 5*q + 62 = 0. What is the remainder when 37 is divided by w?
9
Let t(i) = i**2 + 2*i - 2. Let x(y) = -y**2 + 8*y - 8. Let v be x(6). Suppose 33 = v*b - 115. What is the remainder when b is divided by t(3)?
11
Suppose 8*k = k + 63. What is the remainder when 25 is divided by k?
7
Suppose 3*x - 3*u + 72 = 0, u + 63 = -2*x + 6*u. Let q = x - -27. Calculate the remainder when 22 is divided by q.
6
Let b = 150 - 105. Let m = -29 + b. Let v = 60 + -14. What is the remainder when v is divided by m?
14
Suppose -3*j + 5*y = 3*y + 21, -5*j - 42 = -y. Let b be (-2)/j + (-1400)/(-18). Suppose -15 = 3*v - b. What is the remainder when v is divided by 11?
10
Suppose -2*p = 2*f - p - 7, -4*f - p + 11 = 0. Let y(h) = -h**2 + 2. What is the remainder when y(0) is divided by f?
0
Let z = -9 + 13. Suppose o = -o + z. Calculate the remainder when o is divided by 1.
0
Let h(q) = 17*q - 93. Calculate the remainder when h(21) is divided by 38.
36
Calculate the remainder when 990/20 - 1/2 is divided by 13.
10
Suppose -v - 5 = -2*d - 22, d - 11 = -v. Let k(b) = 13*b - 100. Calculate the remainder when v is divided by k(8).
1
Let m(n) = 2*n**2 - 5*n. Suppose 5 = x - 0. What is the remainder when 49 is divided by m(x)?
24
Suppose 0*z = 5*z. Suppose z = b - 2 - 4. Let v(s) = 2*s - 6. What is the remainder when 23 is divided by v(b)?
5
Let s be (4 + -1 - 0) + -6. Let w be ((-8)/(-6))/((-2)/(-27)). Let v = s + w. What is the remainder when 43 is divided by v?
13
Let u(k) = -k**3 - 5*k**2 - 5*k - 1. Suppose -b - 2*d = -6, 7*d = b + 2*d - 13. Calculate the remainder when b is divided by u(-4).
2
Suppose 3*d + 0*d - 6 = 0. Let m(l) = -13*l**2 + 31*l**2 - 4*l**2 - 4*l + 2. Calculate the remainder when m(d) is divided by 17.
16
Let k(c) = c**3 + 5*c**2 - 6*c + 4. Let h be k(-6). Calculate the remainder when h*8 + 4 + -4 is divided by 11.
10
Suppose 5*p - 12 = -h, 3*h + p - 66 = 26. Let s = h + -12. Calculate the remainder when 57 is divided by s.
17
Suppose -k + 2*k - 4 = 0. Let h be (4/(-16))/(3/(-24)). Calculate the remainder when 41/4 - h/8 is divided by k.
2
Let v(m) = -m**3 - 11*m**2 - 9*m + 14. Let j be v(-10). Suppose 22 = j*r - 2. Suppose 5*q - r*q = -30. What is the remainder when q is divided by 16?
14
Let z(c) = 4*c - 6. What is the remainder when z(4) is divided by 3?
1
Suppose -d = -0 + 1. Let w = 1 - d. Calculate the remainder when w - (-6)/(-2) - -29 is divided by 10.
8
Calculate the remainder when 53 is divided by (4 - (-10)/(-5))*-2 + 18.
11
Let r be (-18)/(-5) - (-8)/20. Suppose -w - r*w = -50. Calculate the remainder when 39 is divided by w.
9
Calculate the remainder when 49 is divided by 13/4*2*2.
10
Let i = -103 + 110. What is the remainder when 21 is divided by i?
0
Let s(n) = n + 4. What is the remainder when s(8) is divided by 5?
2
Let j = -5 - -9. Let h = -7 + 12. Suppose 0*i = 5*s - 4*i + h, -4*s + 3*i = 3. What is the remainder when j is divided by s?
1
Let u be (28/(-35))/(2/(-90)). Suppose z + z = u. What is the remainder when 71 is divided by z?
17
Suppose 3*j - 20 = -h, 5*h + 0*j = -3*j + 148. What is the remainder when h is divided by 11?
10
Suppose -5*o - 2*c + 129 = -166, -5*o = 3*c - 290. Calculate the remainder when o is divided by 16.
13
Let s(c) = -9*c**2 + c. Let p be s(1). Let b(j) = j**3 + 6*j**2 - j - 2. What is the remainder when (-2*1)/1 - p is divided by b(-6)?
2
What is the remainder when 90 is divided by 186/8 - 17/68?
21
Let a = -50 + 79. Let r(u) = -u**3 + 6*u**2 + 6*u + 1. Let b be r(7). What is the remainder when a is divided by (-9)/(-2)*(-20)/b?
14
Let i(x) = -9*x - 2. Calculate the remainder when 31 is divided by i(-2).
15
Let a(f) = -3*f**2 - 2*f + 2. Let n be a(-2). Let k(m) = 2 + 29*m**2 + 7*m + 22*m**2 - 43*m**2 + m**3. What is the remainder when k(n) is divided by 17?
15
Suppose 7*s - 2*s - 90 = 0. What is the remainder when 33 is divided by s?
15
Suppose 5*s - 332 = 2*h + 2*h, 4*s - 3*h - 266 = 0. Let z = -52 - -66. Calculate the remainder when s is divided by z.
12
Suppose 3*p - y - 14 = 103, -5*p + 2*y + 196 = 0. What is the remainder when p is divided by 13?
12
Let w(c) be the second derivative of c**5/20 - c**4/3 - c**3/2 - 5*c**2/2 + 5*c. What is the remainder when 12 is divided by w(5)?
2
Suppose 8 = k - 13. Let q = k - 12. Calculate the remainder when 23 is divided by q.
5
Let t(z) = z**3 + 7*z**2 - 6*z + 6. Let i be t(-6). Suppose 0 = b + b - i. Let h = 68 - 48. What is the remainder when b is divided by h?
19
Let c = -60 - -67. Calculate the remainder when 55 is divided by c.
6
Let v(p) = 5*p**2 + 3*p - 2. Suppose 19 = 5*d - 3*b, 0 = 5*d - d + 3*b + 1. Calculate the remainder when 70 is divided by v(d).
22
Let l(w) = w**3 + 7*w**2 - w - 3. Let h be l(-7). Suppose h*x - 100 - 136 = 0. Let r = 0 - -20. Calculate the remainder when x is divided by r.
19
Let p = -158 + 163. Let f(r) = -r + 12. Let h be f(0). Suppose -d = 4 - h. What is the remainder when d is divided by p?
3
Let q = -13 + 24. Let o(h) = -h**2 - h + 2. Let v be o(0). Let d(c) = 2*c**3 - 4*c**2 + c + 2. What is the remainder when q is divided by d(v)?
3
Let a = -39 - -50. Let v = -55 - -97. Calculate the remainder when v is divided by a.
9
Suppose 2*d = -w - 3*w - 24, 4*w - d = -12. Calculate the remainder when (8/(-6))/((-3)/99) is divided by 1236/84 - w/14.
14
Let n = -12 - -17. Suppose 24 = 5*a + g + 3*g, 5*a = -n*g + 20. Let q(f) = -f**3 - f**2 + 23. Calculate the remainder when q(0) is divided by a.
7
Calculate the remainder when ((-15)/(-2))/(18/60) is divided by 1 + (-1 - 2) + 16.
11
Let c be 3/(9/(-15)*-1). Suppose 7 = 4*y - c. Suppose 0 = -a - 3*l - 1, -y*l - l = 2*a - 6. What is the remainder when a is divided by 3?
2
Suppose -x + 5*w + 0*w + 20 = 0, -x = 3*w - 20. Calculate the remainder when 39 is divided by x.
19
What is the remainder when 53 is divided by 1710/76 + (-1)/(-2)?
7
What is the remainder when 23 is divided by (-100)/(-8) + 1/2?
10
Let q(d) = d**3 + 5*d**2 - 5*d - 12. Calculate the remainder when q(-5) is divided by 8.
5
Let d(g) = 3*g**2 - 17*g + 23. Calculate the remainder when d(6) is divided by 15.
14
Suppose -39*m = -35*m - 68. Let w(c) = 2*c**2 - 2 + 4*c**2 - 2*c - 3*c**2. What is the remainder when m is divided by w(2)?
5
Let l(f) = -f**3 - 12*f**2 + f + 17. Calculate the remainder when l(-12) is divided by 4.
1
Let u = 14 + -13. What is the remainder when 4 is divided by u?
0
Suppose -3*k = -c + 14, -3*c + 5*k + 0*k = -42. Suppose 0*j + 159 = 3*j. Suppose j = -0*x + x. Calculate the remainder when x is divided by c.
11
Let p(o) = -o**2 + 15*o - 6. What is the remainder when p(13) is divided by 11?
9
Let z be 4/(-14) + (-1077)/(-21). Suppose -3*r = -2*r - 25. What is the remainder when r is divided by 4/16 - z/(-4)?
12
Let i(u) = 2*u**2 - 11*u - 5. Let j(a) = -a**2 + 6*a + 2. Let d(y) = -3*i(y) - 7*j(y). What is the remainder when 3 is divided by d(9)?
0
Let n = -10 - -4. Let p be (1 - 2)/(2/n). Suppose -r + p*r = 34. What is the remainder when r is divided by 6?
5
Let c be 4/10 + 12/(-30). Suppose c = 6*n - 12*n + 270. Suppose 59 = -5*z + 174. Calculate the remainder when n is divided by z.
22
Let i(p) = -2*p**3 - 6*p**2 - 3*p - 1. Calculate the remainder when i(-4) is divided by 15.
13
Let s = 65 + -26. Suppose n - 18 = -3*k, k = 4*n + 2*k - s. Suppose 0*l + 2*l + m = 32, -4*m = l - 9. What is the remainder when l is divided by n?
8
Let x(a) = a**3 + 6*a**2 - 13*a - 1. What is the remainder when x(-7) is divided by 14?
13
Let f be (-6)/(-1)*(-1)/(-2). Suppose f*y = y + q + 42, -3*q - 50 = -2*y. Calculate the remainder when y is divided by 10.
9
Suppose -14 = -o + 18. What is the remainder when o is divided by (-36)/(-10)*((-105)/(-10) - 8)?
5
Suppose 0 = -4*w + 2*w + 14. Let v(a) = -a + 1. Let l be v(-1). Let k = l + 2. Calculate the remainder when w is divided by k.
3
Suppose 2*s + 0*s - 4 = 2*r, -2*r = 5*s + 18. What is the remainder when 8 is divided by 4 - (-4)/(s + 6)?
3
Let q(a) = 7*a**2 + a. Let o be (2/(-4) + 1)*10. Suppose -2*r + 52 = 3*j, 47 = 3*j + o*r - 20. What is the remainder when j is divided by q(1)?
6
Let z = 0 - -4. What is the remainder when z is divided by 2?
0
Let s(r) = r**3 - 11*r**2 + r - 9. Let f(a) = 4*a 